/50?
10
Suppose 0 = 2*r + 2*i - 42, 5*r - i - 93 = -0*i. Calculate the remainder when r is divided by 10.
9
What is the remainder when 1/(((-6)/186)/(-1)) is divided by 11?
9
Let f(a) = 5*a**2 + 1. What is the remainder when 13 is divided by f(1)?
1
Suppose -4*j - 2*j = -6. Let k(i) = -i**3 - 1. Let z be k(-1). Let q = 2 - z. What is the remainder when q is divided by j?
0
Suppose u + 3*c - 14 = 0, 0 = 4*u - 6*u - 4*c + 32. Calculate the remainder when 38 is divided by (-4)/(-56)*u*7.
8
Let t = -1 - -1. Let g(h) = h + 11. What is the remainder when g(t) is divided by 7?
4
Let f be (-129)/(-12) + 12/(-16). Suppose -5*u = 10 + f, 2*u = 2*v - 54. What is the remainder when v is divided by 12?
11
Let z = 14 + 31. What is the remainder when z is divided by 16?
13
Suppose 5*k - 106 + 16 = 0. Calculate the remainder when 67 is divided by k.
13
Let m(l) = -l**3 - 3*l**2 + 2*l + 2. What is the remainder when (-215)/(-8) + 6/48 is divided by m(-4)?
7
Suppose 67 = 2*w - k, k = 2*w - k - 64. Let t = 16 + w. What is the remainder when t is divided by 13?
12
Let y be (-2 - -3) + 3 - 0. Suppose -1 = -y*v + 15. Suppose -5*s + 3*n + 56 = 0, -v*s + n + 27 + 22 = 0. What is the remainder when 37 is divided by s?
11
Let i = 3 - 3. Suppose i*n - 4*n + 36 = 0. Calculate the remainder when 26 is divided by n.
8
Suppose 2*t + 612 = 4*b, -771 = -10*b + 5*b + t. Calculate the remainder when b is divided by 54.
47
Let m = 14 + -4. Let c be 0/(4 + 0 + -2). Suppose -2*p - 36 = -w + 2*p, -5*w - 3*p + 134 = c. Calculate the remainder when w is divided by m.
8
Let x = -27 - -51. Let v = x - 14. What is the remainder when v is divided by 6?
4
Suppose -2 = 2*a - 18. Calculate the remainder when 36 is divided by a.
4
Let b = -13 - -31. Suppose -k + 59 = -3*f, -2*k = 2*f - 6*f - 114. What is the remainder when k is divided by b?
17
Suppose c + 78 = -c. Let h = c - -80. Calculate the remainder when h is divided by 14/(-4)*(-8)/2.
13
Suppose -7*y + 294 = -14. What is the remainder when y is divided by 17?
10
Suppose 0 = 2*n + 4*k + 16, -5*k - 13 + 2 = n. Let g = n + 16. Let j = 0 - -17. Calculate the remainder when j is divided by g.
7
Let r(a) = -2*a**2 + 9. Let j(t) = -t**2 - 11*t + 11*t + 5. Let w(f) = 5*j(f) - 2*r(f). Calculate the remainder when 25 is divided by w(0).
4
Let t = -1 + 5. What is the remainder when (-1)/((-1)/(-10)*-1) is divided by (-10)/t*6/(-5)?
1
Let i = -30 + 44. Suppose 3*l = 4*l + 6. What is the remainder when i is divided by (-216)/(-28) + l/(-21)?
6
Suppose 6*a = a + 130. Suppose 21*r - 22*r = 370. Calculate the remainder when (-8)/(r/(-95) - 4) is divided by a.
24
Let q = 6 - 1. Let o(k) = 2*k**3 + k - 1. What is the remainder when o(2) is divided by q?
2
Let b(j) = -j**3 + 6*j**2 - 6*j + 2. Let l be b(5). Let h(s) = 3*s**2 - 4. Calculate the remainder when h(-3) is divided by 2*(-3)/(l/4).
7
Let s(d) = -d + 2. Let a be s(2). Let w be (-1 + -3)*9/(-12). Let y = a + w. Calculate the remainder when 9 is divided by y.
0
Suppose c - 1 - 13 = 0. Suppose -3*t = -13 - 62. Calculate the remainder when t is divided by c.
11
Suppose 3*f + 35 = 8*f. Let o(b) be the second derivative of b**4/12 - b**3/3 - 5*b**2/2 + b. What is the remainder when o(6) is divided by f?
5
Suppose -2*y - 2*y + 1232 = -2*q, -925 = -3*y + q. Calculate the remainder when y is divided by 52.
49
Suppose -7*i + 4*h = -3*i - 20, -4*i = 4*h - 60. Let c = -4 - 2. Let m = c - -12. What is the remainder when i is divided by m?
4
Let p(z) = z**2 - z - 3. Let x be p(-6). Let d = x - 24. What is the remainder when 58 is divided by d?
13
Let v(u) = u**3 - 5*u**2 - 4*u + 2. What is the remainder when 38 is divided by v(6)?
10
Suppose 0 = b + 3, -3*n - 2*b - 2*b = -42. Let i = 28 - 79. Let d = i + 103. What is the remainder when d is divided by n?
16
Suppose m + 2*m = 105. Suppose 6*y - 20 = y. What is the remainder when m is divided by (1 - 3) + (18 - y)?
11
Let l be 3/(-5) + 33/5. Let i = 15 - l. Suppose 0*y - 5*y + 130 = 0. What is the remainder when y is divided by i?
8
Suppose -5*p = 9 - 59. Let j(f) = -f**2 - 18*f + 6. What is the remainder when p is divided by j(-18)?
4
Let s(t) be the first derivative of t**4/4 - t**3 + t**2/2 - 3*t + 2. Let n = -43 + 52. Calculate the remainder when s(4) is divided by n.
8
Let p = -45 + 75. Suppose p + 0 = 5*x. Calculate the remainder when x is divided by 4.
2
Suppose 2*j + 2*j - 48 = 0. Suppose 0 = -x + 3*x - j. Suppose 2*a + 24 = x*a. What is the remainder when 17 is divided by a?
5
Let u be (-15)/25 + (-668)/(-5). Calculate the remainder when 1/(-3) - u/(-3) is divided by 23.
21
Let b(y) = -y**3 + 5*y**2 - 7*y + 14. Calculate the remainder when 2 is divided by b(4).
0
Let b = -29 - -40. Suppose -5*y + 9*m + 5 = 4*m, -2*m = -5*y - 4. Let n(w) = -4*w**3 + w + 2. What is the remainder when n(y) is divided by b?
10
Let i(f) = 20*f**2 - 14. Let n(l) = -7*l**2 + 5. Let b(o) = 3*i(o) + 8*n(o). What is the remainder when 4/2 + 26 + -1 is divided by b(-2)?
13
Let v(b) = b + 3. Let i be v(-5). Let t(d) = d**3 - 4*d**2 - 3*d - 5. Let c be t(4). Let m = i - c. What is the remainder when m is divided by 8?
7
Let h(u) = u**2 - u + 1. Let b(q) = 5*q**2 - 10*q + 4. Let t(z) = b(z) - 6*h(z). Let k be t(-7). What is the remainder when (k/2)/(5/(-10)) is divided by 12?
11
Suppose -23*b + 17*b + 204 = 0. What is the remainder when b is divided by 20?
14
Let n(d) = -d**3 + d**2 + 5. Let c be n(0). Suppose c*v + 8 = 53. Suppose -4*j - u = -v, 0*j + 3*u = 3*j + 12. Calculate the remainder when 1 is divided by j.
0
Suppose 0*f + 8*f = 136. Let q(i) = -i - 1. Let b(l) = -99*l - 66. Let c(j) = -b(j) + 66*q(j). What is the remainder when c(1) is divided by f?
16
Let d = 3 + 0. Suppose -43 = d*n - 4*n. Calculate the remainder when n is divided by 15.
13
Let j(z) = z**2 + 8*z - 2. Let o be j(-10). Calculate the remainder when o + -1 + 4 + -1 is divided by 6.
2
Let g = -1 - -14. Suppose 3*j - 2*c + 116 = 6*j, -2*c = -j + 36. Calculate the remainder when j is divided by g.
12
Suppose -4*m - 2*x + 260 = 76, 5*m - 252 = 3*x. Suppose -5*b - 232 = -b + 4*w, -b - 3*w = m. Calculate the remainder when 23 is divided by 86/7 + 18/b.
11
Suppose -q - 2*w = -0*q - 20, -4*q - 2*w = -50. Suppose 2*i + 2 = q. Suppose 2*g - 6 = -0*g. Calculate the remainder when i is divided by g.
1
Let a = 775 + -755. Calculate the remainder when 2/(-3 + 1)*-59 is divided by a.
19
Suppose -w + 2*b - 13 = -0*w, w + 4*b - 17 = 0. Let f(u) = 5*u - 2*u**2 - 1 + u**2 + 4*u**2 + 3. Calculate the remainder when f(w) is divided by 5.
4
Suppose 13*g = 7*g + 744. Calculate the remainder when g is divided by 16.
12
Suppose 5*s - 3*l = 2*l + 10, 34 = 5*s + 3*l. Let n(j) = 13 + j + 1 + s. What is the remainder when 56 is divided by n(0)?
18
Let h(d) = -3*d + 1 + 0*d + 0*d. What is the remainder when 110 is divided by h(-9)?
26
Suppose 2*f = 3*f - 7. Suppose -4*z + 1 = 105. Let q = z + 39. Calculate the remainder when q is divided by f.
6
Suppose -13 = 3*l + c, -3*l + c = -c + 10. Let x(w) = -4*w - 3. Calculate the remainder when x(l) is divided by 7.
6
Let p(z) = -5 + 6*z**2 + 2*z**2 + 2 + 2*z + 1. Calculate the remainder when p(-2) is divided by 9.
8
Let c(o) = o**3 + 4*o**2 + 4*o + 3. Let q be c(-3). Calculate the remainder when ((-2)/(-5))/(3/15) is divided by 4*(q + 2/4).
0
Let l = 63 + -39. Calculate the remainder when l is divided by 4.
0
Calculate the remainder when 178 - (-1)/(-1)*-3 is divided by 23.
20
Let d = 4 - -20. What is the remainder when d is divided by 9?
6
Calculate the remainder when 664/(-16)*-2*1 is divided by 22.
17
Let c be -1 - -23 - (1 + 1). Suppose -5*u = 2*b - 2, -2*b = 2*b - 4*u + 24. What is the remainder when c + b - (-1 - 1) is divided by 10?
8
Let n = -4 + 6. Suppose n*q + 0*q - 6 = 0. Suppose 20 = w - 8*x + 4*x, -41 = -4*w + q*x. Calculate the remainder when 22 is divided by w.
6
Suppose -32*z - 48 = -34*z. What is the remainder when 44 is divided by z?
20
Let t(h) = h**3 + 11*h**2 + 10*h - 20. Calculate the remainder when t(-9) is divided by 27.
25
Let n(d) = d**2 + 4*d - 3 - 1 - 4 + 1. Let t be ((-18)/8)/((-6)/(-16)). What is the remainder when 13 is divided by n(t)?
3
Suppose -3*c = -106 - 2. Let y = c - 7. Suppose -5*l + 56 = 3*z, -l + 4*z + 1 = -1. What is the remainder when y is divid